{"id":4456,"date":"2025-07-22T17:40:08","date_gmt":"2025-07-22T17:40:08","guid":{"rendered":"https:\/\/colomboingles.edu.co\/wps\/?page_id=4456"},"modified":"2025-08-01T15:12:35","modified_gmt":"2025-08-01T15:12:35","slug":"inscribete-aqui-cimun","status":"publish","type":"page","link":"https:\/\/colomboingles.edu.co\/wps\/inscribete-aqui-cimun\/","title":{"rendered":"Inscr\u00edbete aqu\u00ed &#8211; Cimun"},"content":{"rendered":"\t\t<div data-elementor-type=\"wp-page\" data-elementor-id=\"4456\" class=\"elementor elementor-4456\" data-elementor-settings=\"[]\">\n\t\t\t\t\t\t<div class=\"elementor-inner\">\n\t\t\t\t\t\t\t<div class=\"elementor-section-wrap\">\n\t\t\t\t\t\t\t<section class=\"elementor-section elementor-top-section elementor-element elementor-element-7a54fcb elementor-section-boxed elementor-section-height-default elementor-section-height-default\" data-id=\"7a54fcb\" data-element_type=\"section\" data-settings=\"{&quot;background_background&quot;:&quot;classic&quot;}\">\n\t\t\t\t\t\t<div class=\"elementor-container elementor-column-gap-default\">\n\t\t\t\t\t\t\t<div class=\"elementor-row\">\n\t\t\t\t\t<div class=\"elementor-column elementor-col-100 elementor-top-column elementor-element elementor-element-a1bd941\" data-id=\"a1bd941\" data-element_type=\"column\">\n\t\t\t<div class=\"elementor-column-wrap elementor-element-populated\">\n\t\t\t\t\t\t\t<div class=\"elementor-widget-wrap\">\n\t\t\t\t\t\t<div class=\"elementor-element elementor-element-ee77f89 elementor-widget elementor-widget-spacer\" data-id=\"ee77f89\" data-element_type=\"widget\" data-widget_type=\"spacer.default\">\n\t\t\t\t<div class=\"elementor-widget-container\">\n\t\t\t\t\t<div class=\"elementor-spacer\">\n\t\t\t<div class=\"elementor-spacer-inner\"><\/div>\n\t\t<\/div>\n\t\t\t\t<\/div>\n\t\t\t\t<\/div>\n\t\t\t\t<div class=\"elementor-element elementor-element-046239b elementor-widget elementor-widget-heading\" data-id=\"046239b\" data-element_type=\"widget\" data-widget_type=\"heading.default\">\n\t\t\t\t<div class=\"elementor-widget-container\">\n\t\t\t<h3 class=\"elementor-heading-title elementor-size-default\">Inscripci\u00f3n CIMUN 2025<\/h3>\t\t<\/div>\n\t\t\t\t<\/div>\n\t\t\t\t<div class=\"elementor-element elementor-element-41e7976 elementor-widget elementor-widget-text-editor\" data-id=\"41e7976\" data-element_type=\"widget\" data-widget_type=\"text-editor.default\">\n\t\t\t\t<div class=\"elementor-widget-container\">\n\t\t\t\t\t\t\t\t<div class=\"elementor-text-editor elementor-clearfix\">\n\t\t\t\t<p style=\"text-align: left;\"><strong><span style=\"color: #024027;\">\u00a1Bienvenido al proceso de inscripci\u00f3n de la s\u00e9ptima edici\u00f3n de CIMUN!<\/span><\/strong><br \/><span style=\"color: #024027;\">Nuestro Modelo de Naciones Unidas, organizado por el Colegio Colombo Ingl\u00e9s, abre sus puertas a estudiantes de instituciones locales, nacionales e internacionales.<\/span><\/p><p style=\"text-align: left;\"><span style=\"color: #024027;\">Selecciona tu formulario seg\u00fan el tipo de participaci\u00f3n y aseg\u00farate de diligenciar todos los campos correctamente.<\/span><\/p>\t\t\t\t\t<\/div>\n\t\t\t\t\t\t<\/div>\n\t\t\t\t<\/div>\n\t\t\t\t<div class=\"elementor-element elementor-element-dbdfc56 elementor-widget elementor-widget-spacer\" data-id=\"dbdfc56\" data-element_type=\"widget\" data-widget_type=\"spacer.default\">\n\t\t\t\t<div class=\"elementor-widget-container\">\n\t\t\t\t\t<div class=\"elementor-spacer\">\n\t\t\t<div class=\"elementor-spacer-inner\"><\/div>\n\t\t<\/div>\n\t\t\t\t<\/div>\n\t\t\t\t<\/div>\n\t\t\t\t<div class=\"elementor-element elementor-element-5feb43f elementor-align-center elementor-widget elementor-widget-button\" data-id=\"5feb43f\" data-element_type=\"widget\" data-widget_type=\"button.default\">\n\t\t\t\t<div class=\"elementor-widget-container\">\n\t\t\t\t\t<div class=\"elementor-button-wrapper\">\n\t\t\t<a href=\"https:\/\/forms.gle\/o7xEFG51AJoPBxTK6\" class=\"elementor-button-link elementor-button elementor-size-sm\" role=\"button\">\n\t\t\t\t\t\t<span class=\"elementor-button-content-wrapper\">\n\t\t\t\t\t\t<span class=\"elementor-button-text\">Formulario para estudiantes del Colegio Colombo Ingl\u00e9s<\/span>\n\t\t<\/span>\n\t\t\t\t\t<\/a>\n\t\t<\/div>\n\t\t\t\t<\/div>\n\t\t\t\t<\/div>\n\t\t\t\t<div class=\"elementor-element elementor-element-d6d02af elementor-widget elementor-widget-spacer\" data-id=\"d6d02af\" data-element_type=\"widget\" data-widget_type=\"spacer.default\">\n\t\t\t\t<div class=\"elementor-widget-container\">\n\t\t\t\t\t<div class=\"elementor-spacer\">\n\t\t\t<div class=\"elementor-spacer-inner\"><\/div>\n\t\t<\/div>\n\t\t\t\t<\/div>\n\t\t\t\t<\/div>\n\t\t\t\t\t\t<\/div>\n\t\t\t\t\t<\/div>\n\t\t<\/div>\n\t\t\t\t\t\t\t\t<\/div>\n\t\t\t\t\t<\/div>\n\t\t<\/section>\n\t\t\t\t<section class=\"elementor-section elementor-top-section elementor-element elementor-element-71ff053 elementor-section-boxed elementor-section-height-default elementor-section-height-default\" data-id=\"71ff053\" data-element_type=\"section\" data-settings=\"{&quot;background_background&quot;:&quot;classic&quot;}\">\n\t\t\t\t\t\t<div class=\"elementor-container elementor-column-gap-default\">\n\t\t\t\t\t\t\t<div class=\"elementor-row\">\n\t\t\t\t\t<div class=\"elementor-column elementor-col-100 elementor-top-column elementor-element elementor-element-404d3ce\" data-id=\"404d3ce\" data-element_type=\"column\">\n\t\t\t<div class=\"elementor-column-wrap elementor-element-populated\">\n\t\t\t\t\t\t\t<div class=\"elementor-widget-wrap\">\n\t\t\t\t\t\t<div class=\"elementor-element elementor-element-a8483b5 elementor-widget elementor-widget-heading\" data-id=\"a8483b5\" data-element_type=\"widget\" data-widget_type=\"heading.default\">\n\t\t\t\t<div class=\"elementor-widget-container\">\n\t\t\t<h3 class=\"elementor-heading-title elementor-size-default\">\u00bfQu\u00e9 beneficios tengo al participar en CIMUN?<\/h3>\t\t<\/div>\n\t\t\t\t<\/div>\n\t\t\t\t<div class=\"elementor-element elementor-element-9f050d5 elementor-widget elementor-widget-text-editor\" data-id=\"9f050d5\" data-element_type=\"widget\" data-widget_type=\"text-editor.default\">\n\t\t\t\t<div class=\"elementor-widget-container\">\n\t\t\t\t\t\t\t\t<div class=\"elementor-text-editor elementor-clearfix\">\n\t\t\t\t<p><span style=\"color: #ffffff;\">CIMUN no es solo un modelo de Naciones Unidas. Es una experiencia que transforma, reta y conecta. Participar en CIMUN 2025 te ofrece la oportunidad de crecer, aprender y vivir algo que va m\u00e1s all\u00e1 de un evento escolar.<\/span><\/p><p><span style=\"color: #ffffff;\"><strong>Desarrolla habilidades para la vida<\/strong><\/span><\/p><ul><li><span style=\"color: #ffffff;\">Aprende a expresarte con seguridad.<\/span><\/li><li><span style=\"color: #ffffff;\">Mejora tu capacidad para argumentar, negociar y escuchar.<\/span><\/li><li><span style=\"color: #ffffff;\">Trabaja en equipo, resuelve conflictos y toma decisiones bajo presi\u00f3n. <\/span><\/li><\/ul><p><span style=\"color: #ffffff;\"><strong>Forma parte de algo grande<\/strong><\/span><\/p><ul><li><span style=\"color: #ffffff;\">Comparte con m\u00e1s de 200 estudiantes de diferentes instituciones.<\/span><\/li><li><span style=\"color: #ffffff;\">Participa en un evento de alto nivel con comit\u00e9s aut\u00e9nticos, din\u00e1micas retadoras y espacios \u00fanicos.<\/span><\/li><li><span style=\"color: #ffffff;\">S\u00e9 parte de una comunidad que busca dejar huella y generar impacto real.<\/span><\/li><\/ul><p><span style=\"color: #ffffff;\"><strong>Dest\u00e1cate y s\u00e9 reconocido<\/strong><\/span><\/p><ul><li><span style=\"color: #ffffff;\">Certificado oficial de participaci\u00f3n.<\/span><\/li><li><span style=\"color: #ffffff;\">Oportunidades de premiaci\u00f3n y menci\u00f3n destacada.<\/span><\/li><li><span style=\"color: #ffffff;\">Posibilidad de usar tu participaci\u00f3n para procesos acad\u00e9micos y extracurriculares.<\/span><\/li><\/ul><p><span style=\"color: #ffffff;\"><strong>\u00a0Vive una experiencia inolvidable<\/strong><\/span><\/p><ul><li><span style=\"color: #ffffff;\">Espacios de integraci\u00f3n, creatividad y expresi\u00f3n.<\/span><\/li><li><span style=\"color: #ffffff;\">Actividades culturales, muestras art\u00edsticas, contenido multimedia, y m\u00e1s.<\/span><\/li><li><span style=\"color: #ffffff;\">Un ambiente donde tu voz importa, tu trabajo cuenta y tu experiencia vale.<\/span><\/li><\/ul>\t\t\t\t\t<\/div>\n\t\t\t\t\t\t<\/div>\n\t\t\t\t<\/div>\n\t\t\t\t<div class=\"elementor-element elementor-element-53f9f54 elementor-widget elementor-widget-spacer\" data-id=\"53f9f54\" data-element_type=\"widget\" data-widget_type=\"spacer.default\">\n\t\t\t\t<div class=\"elementor-widget-container\">\n\t\t\t\t\t<div class=\"elementor-spacer\">\n\t\t\t<div class=\"elementor-spacer-inner\"><\/div>\n\t\t<\/div>\n\t\t\t\t<\/div>\n\t\t\t\t<\/div>\n\t\t\t\t\t\t<\/div>\n\t\t\t\t\t<\/div>\n\t\t<\/div>\n\t\t\t\t\t\t\t\t<\/div>\n\t\t\t\t\t<\/div>\n\t\t<\/section>\n\t\t\t\t<section class=\"elementor-section elementor-top-section elementor-element elementor-element-383b00a elementor-section-boxed elementor-section-height-default elementor-section-height-default\" data-id=\"383b00a\" data-element_type=\"section\" data-settings=\"{&quot;background_background&quot;:&quot;classic&quot;}\">\n\t\t\t\t\t\t<div class=\"elementor-container elementor-column-gap-default\">\n\t\t\t\t\t\t\t<div class=\"elementor-row\">\n\t\t\t\t\t<div class=\"elementor-column elementor-col-100 elementor-top-column elementor-element elementor-element-4a4df09\" data-id=\"4a4df09\" data-element_type=\"column\">\n\t\t\t<div class=\"elementor-column-wrap elementor-element-populated\">\n\t\t\t\t\t\t\t<div class=\"elementor-widget-wrap\">\n\t\t\t\t\t\t<div class=\"elementor-element elementor-element-6b1339d elementor-widget elementor-widget-spacer\" data-id=\"6b1339d\" data-element_type=\"widget\" data-widget_type=\"spacer.default\">\n\t\t\t\t<div class=\"elementor-widget-container\">\n\t\t\t\t\t<div class=\"elementor-spacer\">\n\t\t\t<div class=\"elementor-spacer-inner\"><\/div>\n\t\t<\/div>\n\t\t\t\t<\/div>\n\t\t\t\t<\/div>\n\t\t\t\t\t\t<\/div>\n\t\t\t\t\t<\/div>\n\t\t<\/div>\n\t\t\t\t\t\t\t\t<\/div>\n\t\t\t\t\t<\/div>\n\t\t<\/section>\n\t\t\t\t\t\t<\/div>\n\t\t\t\t\t\t<\/div>\n\t\t\t\t\t<\/div>\n\t\t","protected":false},"excerpt":{"rendered":"<p>Inscripci\u00f3n CIMUN 2025 \u00a1Bienvenido al proceso de inscripci\u00f3n de la s\u00e9ptima edici\u00f3n de CIMUN!Nuestro Modelo de Naciones Unidas, organizado por el Colegio Colombo Ingl\u00e9s, abre sus puertas a estudiantes de instituciones locales, nacionales e internacionales. Selecciona tu formulario seg\u00fan el tipo de participaci\u00f3n y aseg\u00farate de diligenciar todos los campos correctamente. Formulario para estudiantes del&#8230;<\/p>\n","protected":false},"author":1,"featured_media":0,"parent":0,"menu_order":0,"comment_status":"closed","ping_status":"closed","template":"","meta":{"_kad_post_transparent":"","_kad_post_title":"hide","_kad_post_layout":"fullwidth","_kad_post_sidebar_id":"","_kad_post_content_style":"unboxed","_kad_post_vertical_padding":"hide","_kad_post_feature":"hide","_kad_post_feature_position":"","_kad_post_header":false,"_kad_post_footer":false,"footnotes":""},"class_list":["post-4456","page","type-page","status-publish","hentry"],"nelio_popups_active_popup":"","_links":{"self":[{"href":"https:\/\/colomboingles.edu.co\/wps\/wp-json\/wp\/v2\/pages\/4456","targetHints":{"allow":["GET"]}}],"collection":[{"href":"https:\/\/colomboingles.edu.co\/wps\/wp-json\/wp\/v2\/pages"}],"about":[{"href":"https:\/\/colomboingles.edu.co\/wps\/wp-json\/wp\/v2\/types\/page"}],"author":[{"embeddable":true,"href":"https:\/\/colomboingles.edu.co\/wps\/wp-json\/wp\/v2\/users\/1"}],"replies":[{"embeddable":true,"href":"https:\/\/colomboingles.edu.co\/wps\/wp-json\/wp\/v2\/comments?post=4456"}],"version-history":[{"count":31,"href":"https:\/\/colomboingles.edu.co\/wps\/wp-json\/wp\/v2\/pages\/4456\/revisions"}],"predecessor-version":[{"id":4729,"href":"https:\/\/colomboingles.edu.co\/wps\/wp-json\/wp\/v2\/pages\/4456\/revisions\/4729"}],"wp:attachment":[{"href":"https:\/\/colomboingles.edu.co\/wps\/wp-json\/wp\/v2\/media?parent=4456"}],"curies":[{"name":"wp","href":"https:\/\/api.w.org\/{rel}","templated":true}]}}