{"id":1054,"date":"2021-01-18T16:50:29","date_gmt":"2021-01-18T16:50:29","guid":{"rendered":"https:\/\/colomboingles.edu.co\/wps\/?page_id=1054"},"modified":"2025-08-20T16:05:03","modified_gmt":"2025-08-20T16:05:03","slug":"simbolos-colombistas","status":"publish","type":"page","link":"https:\/\/colomboingles.edu.co\/wps\/simbolos-colombistas\/","title":{"rendered":"S\u00edmbolos Colombistas"},"content":{"rendered":"\t\t<div data-elementor-type=\"wp-page\" data-elementor-id=\"1054\" class=\"elementor elementor-1054\" data-elementor-settings=\"[]\">\n\t\t\t\t\t\t<div class=\"elementor-inner\">\n\t\t\t\t\t\t\t<div class=\"elementor-section-wrap\">\n\t\t\t\t\t\t\t<section class=\"elementor-section elementor-top-section elementor-element elementor-element-2b90a7b7 elementor-section-boxed elementor-section-height-default elementor-section-height-default\" data-id=\"2b90a7b7\" data-element_type=\"section\">\n\t\t\t\t\t\t<div class=\"elementor-container elementor-column-gap-default\">\n\t\t\t\t\t\t\t<div class=\"elementor-row\">\n\t\t\t\t\t<div class=\"elementor-column elementor-col-100 elementor-top-column elementor-element elementor-element-37153007\" data-id=\"37153007\" data-element_type=\"column\">\n\t\t\t<div class=\"elementor-column-wrap elementor-element-populated\">\n\t\t\t\t\t\t\t<div class=\"elementor-widget-wrap\">\n\t\t\t\t\t\t<div class=\"elementor-element elementor-element-b305f33 elementor-widget elementor-widget-spacer\" data-id=\"b305f33\" data-element_type=\"widget\" data-widget_type=\"spacer.default\">\n\t\t\t\t<div class=\"elementor-widget-container\">\n\t\t\t\t\t<div class=\"elementor-spacer\">\n\t\t\t<div class=\"elementor-spacer-inner\"><\/div>\n\t\t<\/div>\n\t\t\t\t<\/div>\n\t\t\t\t<\/div>\n\t\t\t\t<section class=\"elementor-section elementor-inner-section elementor-element elementor-element-09bae5c elementor-section-boxed elementor-section-height-default elementor-section-height-default\" data-id=\"09bae5c\" data-element_type=\"section\">\n\t\t\t\t\t\t<div class=\"elementor-container elementor-column-gap-default\">\n\t\t\t\t\t\t\t<div class=\"elementor-row\">\n\t\t\t\t\t<div class=\"elementor-column elementor-col-50 elementor-inner-column elementor-element elementor-element-0197cbe\" data-id=\"0197cbe\" data-element_type=\"column\">\n\t\t\t<div class=\"elementor-column-wrap elementor-element-populated\">\n\t\t\t\t\t\t\t<div class=\"elementor-widget-wrap\">\n\t\t\t\t\t\t<div class=\"elementor-element elementor-element-648db13 elementor-absolute elementor-widget elementor-widget-image\" data-id=\"648db13\" data-element_type=\"widget\" data-settings=\"{&quot;_position&quot;:&quot;absolute&quot;}\" data-widget_type=\"image.default\">\n\t\t\t\t<div class=\"elementor-widget-container\">\n\t\t\t\t\t\t\t\t<div class=\"elementor-image\">\n\t\t\t\t\t\t\t\t\t\t\t\t<img loading=\"lazy\" decoding=\"async\" width=\"1024\" height=\"1024\" src=\"https:\/\/colomboingles.edu.co\/wps\/wp-content\/uploads\/2023\/08\/logo-escudo-1-1024x1024.png\" class=\"attachment-large size-large\" alt=\"\" srcset=\"https:\/\/colomboingles.edu.co\/wps\/wp-content\/uploads\/2023\/08\/logo-escudo-1-1024x1024.png 1024w, https:\/\/colomboingles.edu.co\/wps\/wp-content\/uploads\/2023\/08\/logo-escudo-1-300x300.png 300w, https:\/\/colomboingles.edu.co\/wps\/wp-content\/uploads\/2023\/08\/logo-escudo-1-150x150.png 150w, https:\/\/colomboingles.edu.co\/wps\/wp-content\/uploads\/2023\/08\/logo-escudo-1-768x768.png 768w, https:\/\/colomboingles.edu.co\/wps\/wp-content\/uploads\/2023\/08\/logo-escudo-1-600x600.png 600w, https:\/\/colomboingles.edu.co\/wps\/wp-content\/uploads\/2023\/08\/logo-escudo-1-100x100.png 100w, https:\/\/colomboingles.edu.co\/wps\/wp-content\/uploads\/2023\/08\/logo-escudo-1.png 1080w\" sizes=\"auto, (max-width: 1024px) 100vw, 1024px\" \/>\t\t\t\t\t\t\t\t\t\t\t\t\t\t<\/div>\n\t\t\t\t\t\t<\/div>\n\t\t\t\t<\/div>\n\t\t\t\t\t\t<\/div>\n\t\t\t\t\t<\/div>\n\t\t<\/div>\n\t\t\t\t<div class=\"elementor-column elementor-col-50 elementor-inner-column elementor-element elementor-element-cdee2d8\" data-id=\"cdee2d8\" data-element_type=\"column\">\n\t\t\t<div class=\"elementor-column-wrap elementor-element-populated\">\n\t\t\t\t\t\t\t<div class=\"elementor-widget-wrap\">\n\t\t\t\t\t\t<div class=\"elementor-element elementor-element-7e6a8da elementor-widget elementor-widget-heading\" data-id=\"7e6a8da\" data-element_type=\"widget\" data-widget_type=\"heading.default\">\n\t\t\t\t<div class=\"elementor-widget-container\">\n\t\t\t<h1 class=\"elementor-heading-title elementor-size-default\">Escudo<\/h1>\t\t<\/div>\n\t\t\t\t<\/div>\n\t\t\t\t<div class=\"elementor-element elementor-element-b466879 e-transform e-transform e-transform e-transform elementor-widget elementor-widget-text-editor\" data-id=\"b466879\" data-element_type=\"widget\" data-settings=\"{&quot;_animation&quot;:&quot;none&quot;,&quot;_transform_rotateZ_effect&quot;:{&quot;unit&quot;:&quot;px&quot;,&quot;size&quot;:0,&quot;sizes&quot;:[]},&quot;_transform_translateX_effect&quot;:{&quot;unit&quot;:&quot;px&quot;,&quot;size&quot;:-9,&quot;sizes&quot;:[]},&quot;_transform_translateY_effect&quot;:{&quot;unit&quot;:&quot;px&quot;,&quot;size&quot;:9,&quot;sizes&quot;:[]},&quot;_transform_scale_effect&quot;:{&quot;unit&quot;:&quot;px&quot;,&quot;size&quot;:0.90000000000000002220446049250313080847263336181640625,&quot;sizes&quot;:[]},&quot;_transform_skewX_effect&quot;:{&quot;unit&quot;:&quot;px&quot;,&quot;size&quot;:0,&quot;sizes&quot;:[]},&quot;_transform_rotateZ_effect_tablet&quot;:{&quot;unit&quot;:&quot;px&quot;,&quot;size&quot;:&quot;&quot;,&quot;sizes&quot;:[]},&quot;_transform_rotateZ_effect_mobile&quot;:{&quot;unit&quot;:&quot;px&quot;,&quot;size&quot;:&quot;&quot;,&quot;sizes&quot;:[]},&quot;_transform_translateX_effect_tablet&quot;:{&quot;unit&quot;:&quot;px&quot;,&quot;size&quot;:&quot;&quot;,&quot;sizes&quot;:[]},&quot;_transform_translateX_effect_mobile&quot;:{&quot;unit&quot;:&quot;px&quot;,&quot;size&quot;:&quot;&quot;,&quot;sizes&quot;:[]},&quot;_transform_translateY_effect_tablet&quot;:{&quot;unit&quot;:&quot;px&quot;,&quot;size&quot;:&quot;&quot;,&quot;sizes&quot;:[]},&quot;_transform_translateY_effect_mobile&quot;:{&quot;unit&quot;:&quot;px&quot;,&quot;size&quot;:&quot;&quot;,&quot;sizes&quot;:[]},&quot;_transform_scale_effect_tablet&quot;:{&quot;unit&quot;:&quot;px&quot;,&quot;size&quot;:&quot;&quot;,&quot;sizes&quot;:[]},&quot;_transform_scale_effect_mobile&quot;:{&quot;unit&quot;:&quot;px&quot;,&quot;size&quot;:&quot;&quot;,&quot;sizes&quot;:[]},&quot;_transform_skewX_effect_tablet&quot;:{&quot;unit&quot;:&quot;px&quot;,&quot;size&quot;:&quot;&quot;,&quot;sizes&quot;:[]},&quot;_transform_skewX_effect_mobile&quot;:{&quot;unit&quot;:&quot;px&quot;,&quot;size&quot;:&quot;&quot;,&quot;sizes&quot;:[]},&quot;_transform_skewY_effect&quot;:{&quot;unit&quot;:&quot;px&quot;,&quot;size&quot;:&quot;&quot;,&quot;sizes&quot;:[]},&quot;_transform_skewY_effect_tablet&quot;:{&quot;unit&quot;:&quot;px&quot;,&quot;size&quot;:&quot;&quot;,&quot;sizes&quot;:[]},&quot;_transform_skewY_effect_mobile&quot;:{&quot;unit&quot;:&quot;px&quot;,&quot;size&quot;:&quot;&quot;,&quot;sizes&quot;:[]}}\" data-widget_type=\"text-editor.default\">\n\t\t\t\t<div class=\"elementor-widget-container\">\n\t\t\t\t\t\t\t\t<div class=\"elementor-text-editor elementor-clearfix\">\n\t\t\t\t<p><span style=\"background-color: transparent; color: #024027; font-family: var(--global-body-font-family);\"><strong>La Antorcha de Luz Permanente:<\/strong> simboliza el conocimiento, la ciencia y la inteligencia. <\/span><\/p><p style=\"margin-bottom: var(--global-md-spacing);\"><span style=\"color: #024027; background-color: transparent;\"><strong>La Paloma sobre el Sol Radiante:<\/strong> significan los valores de paz, triunfo, justicia y solidaridad por la construcci\u00f3n de un mundo mejor, basados en la formaci\u00f3n cristiana que orienta la instituci\u00f3n.<\/span><\/p><p style=\"margin-bottom: var(--global-md-spacing);\"><span style=\"color: #024027; background-color: transparent;\"><strong>El Libro y la Plumilla:<\/strong> representan la sabidur\u00eda, investigaci\u00f3n y la creatividad que producen transformaciones en los educandos.<\/span><\/p><p style=\"margin-bottom: var(--global-md-spacing);\"><span style=\"color: #024027; background-color: transparent;\"><strong>El Lema del Colegio:<\/strong> \u201cAmor, Ciencia y Virtud\u201d.<\/span><\/p><p style=\"margin-bottom: var(--global-md-spacing);\"><span style=\"color: #024027;\">Todo el escudo enmarcado en bordes tanto derecho como izquierdo se encuentra la frase que dice: \u201cEnse\u00f1anza Biling\u00fce\u201d haciendo \u00e9nfasis en el ingl\u00e9s como segunda lengua y el a\u00f1o 1973 fecha de fundaci\u00f3n.<\/span><\/p>\t\t\t\t\t<\/div>\n\t\t\t\t\t\t<\/div>\n\t\t\t\t<\/div>\n\t\t\t\t\t\t<\/div>\n\t\t\t\t\t<\/div>\n\t\t<\/div>\n\t\t\t\t\t\t\t\t<\/div>\n\t\t\t\t\t<\/div>\n\t\t<\/section>\n\t\t\t\t<section class=\"elementor-section elementor-inner-section elementor-element elementor-element-4f65418 elementor-section-boxed elementor-section-height-default elementor-section-height-default\" data-id=\"4f65418\" data-element_type=\"section\">\n\t\t\t\t\t\t<div class=\"elementor-container elementor-column-gap-default\">\n\t\t\t\t\t\t\t<div class=\"elementor-row\">\n\t\t\t\t\t<div class=\"elementor-column elementor-col-50 elementor-inner-column elementor-element elementor-element-b6d1777\" data-id=\"b6d1777\" data-element_type=\"column\">\n\t\t\t<div class=\"elementor-column-wrap elementor-element-populated\">\n\t\t\t\t\t\t\t<div class=\"elementor-widget-wrap\">\n\t\t\t\t\t\t<div class=\"elementor-element elementor-element-18e9834 elementor-widget elementor-widget-text-editor\" data-id=\"18e9834\" data-element_type=\"widget\" data-widget_type=\"text-editor.default\">\n\t\t\t\t<div class=\"elementor-widget-container\">\n\t\t\t\t\t\t\t\t<div class=\"elementor-text-editor elementor-clearfix\">\n\t\t\t\t\t\t\t\t\t<\/div>\n\t\t\t\t\t\t<\/div>\n\t\t\t\t<\/div>\n\t\t\t\t<div class=\"elementor-element elementor-element-5d0c7d8 elementor-widget elementor-widget-heading\" data-id=\"5d0c7d8\" data-element_type=\"widget\" data-widget_type=\"heading.default\">\n\t\t\t\t<div class=\"elementor-widget-container\">\n\t\t\t<h1 class=\"elementor-heading-title elementor-size-default\">Bandera<\/h1>\t\t<\/div>\n\t\t\t\t<\/div>\n\t\t\t\t<div class=\"elementor-element elementor-element-b300c5b elementor-widget elementor-widget-text-editor\" data-id=\"b300c5b\" data-element_type=\"widget\" data-widget_type=\"text-editor.default\">\n\t\t\t\t<div class=\"elementor-widget-container\">\n\t\t\t\t\t\t\t\t<div class=\"elementor-text-editor elementor-clearfix\">\n\t\t\t\t<p class=\"has-text-color\" style=\"margin-bottom: var(--global-md-spacing); color: #000000;\"><span style=\"color: #024027;\">Consta de dos franjas de iguales dimensiones: Blanco y Verde. El Color Blanco: simboliza la virtud, pureza, paz, inocencia, honestidad, y la pulcritud de nuestros educandos.<\/span><\/p><p class=\"has-text-color\" style=\"margin-bottom: var(--global-md-spacing); color: #000000;\"><span style=\"color: #024027;\">El Verde Colombista: simboliza la esperanza, amistad y compa\u00f1erismo, al igual que el equilibrio, la conservaci\u00f3n del medio ambiente y la fuerza que nos incitan a seguir adelante.<\/span><\/p>\t\t\t\t\t<\/div>\n\t\t\t\t\t\t<\/div>\n\t\t\t\t<\/div>\n\t\t\t\t\t\t<\/div>\n\t\t\t\t\t<\/div>\n\t\t<\/div>\n\t\t\t\t<div class=\"elementor-column elementor-col-50 elementor-inner-column elementor-element elementor-element-26eeddb\" data-id=\"26eeddb\" data-element_type=\"column\">\n\t\t\t<div class=\"elementor-column-wrap elementor-element-populated\">\n\t\t\t\t\t\t\t<div class=\"elementor-widget-wrap\">\n\t\t\t\t\t\t<div class=\"elementor-element elementor-element-86cde3e elementor-widget elementor-widget-image\" data-id=\"86cde3e\" data-element_type=\"widget\" data-widget_type=\"image.default\">\n\t\t\t\t<div class=\"elementor-widget-container\">\n\t\t\t\t\t\t\t\t<div class=\"elementor-image\">\n\t\t\t\t\t\t\t\t\t\t\t\t<img loading=\"lazy\" decoding=\"async\" width=\"1024\" height=\"900\" src=\"https:\/\/colomboingles.edu.co\/wps\/wp-content\/uploads\/2024\/06\/Bandera-Colombo-Ingles-1-1024x900.png\" class=\"attachment-large size-large\" alt=\"\" srcset=\"https:\/\/colomboingles.edu.co\/wps\/wp-content\/uploads\/2024\/06\/Bandera-Colombo-Ingles-1-1024x900.png 1024w, https:\/\/colomboingles.edu.co\/wps\/wp-content\/uploads\/2024\/06\/Bandera-Colombo-Ingles-1-300x264.png 300w, https:\/\/colomboingles.edu.co\/wps\/wp-content\/uploads\/2024\/06\/Bandera-Colombo-Ingles-1-768x675.png 768w, https:\/\/colomboingles.edu.co\/wps\/wp-content\/uploads\/2024\/06\/Bandera-Colombo-Ingles-1-1536x1351.png 1536w, https:\/\/colomboingles.edu.co\/wps\/wp-content\/uploads\/2024\/06\/Bandera-Colombo-Ingles-1-2048x1801.png 2048w, https:\/\/colomboingles.edu.co\/wps\/wp-content\/uploads\/2024\/06\/Bandera-Colombo-Ingles-1-600x528.png 600w\" sizes=\"auto, (max-width: 1024px) 100vw, 1024px\" \/>\t\t\t\t\t\t\t\t\t\t\t\t\t\t<\/div>\n\t\t\t\t\t\t<\/div>\n\t\t\t\t<\/div>\n\t\t\t\t\t\t<\/div>\n\t\t\t\t\t<\/div>\n\t\t<\/div>\n\t\t\t\t\t\t\t\t<\/div>\n\t\t\t\t\t<\/div>\n\t\t<\/section>\n\t\t\t\t<section class=\"elementor-section elementor-inner-section elementor-element elementor-element-029c67f elementor-section-boxed elementor-section-height-default elementor-section-height-default\" data-id=\"029c67f\" data-element_type=\"section\">\n\t\t\t\t\t\t<div class=\"elementor-container elementor-column-gap-default\">\n\t\t\t\t\t\t\t<div class=\"elementor-row\">\n\t\t\t\t\t<div class=\"elementor-column elementor-col-50 elementor-inner-column elementor-element elementor-element-f4f92ed\" data-id=\"f4f92ed\" data-element_type=\"column\">\n\t\t\t<div class=\"elementor-column-wrap elementor-element-populated\">\n\t\t\t\t\t\t\t<div class=\"elementor-widget-wrap\">\n\t\t\t\t\t\t<div class=\"elementor-element elementor-element-4bd26c5 elementor-widget elementor-widget-heading\" data-id=\"4bd26c5\" data-element_type=\"widget\" data-widget_type=\"heading.default\">\n\t\t\t\t<div class=\"elementor-widget-container\">\n\t\t\t<h1 class=\"elementor-heading-title elementor-size-default\">Lema<\/h1>\t\t<\/div>\n\t\t\t\t<\/div>\n\t\t\t\t<div class=\"elementor-element elementor-element-6743073 elementor-widget elementor-widget-text-editor\" data-id=\"6743073\" data-element_type=\"widget\" data-widget_type=\"text-editor.default\">\n\t\t\t\t<div class=\"elementor-widget-container\">\n\t\t\t\t\t\t\t\t<div class=\"elementor-text-editor elementor-clearfix\">\n\t\t\t\t<p class=\"has-text-color\" style=\"margin-bottom: var(--global-md-spacing); color: #000000;\"><span style=\"color: #024027;\"><strong>AMOR, CIENCIA Y VIRTUD<\/strong><\/span><\/p><p class=\"has-text-color\" style=\"margin-bottom: var(--global-md-spacing); color: #000000;\"><span style=\"color: #024027;\"><strong>AMOR:<\/strong>\u00a0Entrega total del educador, paciencia, tolerancia y comprensi\u00f3n, que debe tener hacia sus alumnos, especialmente para aquellos que presentan dificultades en el aprendizaje. El amor con que los ni\u00f1os, ni\u00f1as y j\u00f3venes reciben sus sabias ense\u00f1anzas, sentimiento que estimula el \u00e1nimo para realizar sus labores escolares.<\/span><\/p><p class=\"has-text-color\" style=\"margin-bottom: var(--global-md-spacing); color: #000000;\"><span style=\"color: #024027;\"><strong>CIENCIA:<\/strong>\u00a0El alumno colombista demuestra en cualquier instituci\u00f3n los conocimientos recibidos durante su estad\u00eda en \u00e9sta, dando prueba de un aprendizaje exacto y razonado de lo aprendido, fundado en los m\u00e9todos de estudio dados desde los primeros a\u00f1os de su infancia en este prestigioso plantel, mediante la preparaci\u00f3n y capacitaci\u00f3n permanente de maestros como personas capaces de orientar de infundir conocimientos.<\/span><\/p><p class=\"has-text-color\" style=\"margin-bottom: var(--global-md-spacing); color: #000000;\"><span style=\"color: #024027;\"><strong>VIRTUD:\u00a0<\/strong>En los alumnos se destacan valiosas virtudes y valores, como la pureza de pensamiento y sentimientos nobles que despiertan admiraci\u00f3n y respeto hacia las personas que los rodean; virtud que se representa en el color blanco de la bandera del colegio.<\/span><\/p>\t\t\t\t\t<\/div>\n\t\t\t\t\t\t<\/div>\n\t\t\t\t<\/div>\n\t\t\t\t\t\t<\/div>\n\t\t\t\t\t<\/div>\n\t\t<\/div>\n\t\t\t\t<div class=\"elementor-column elementor-col-50 elementor-inner-column elementor-element elementor-element-9eef0cd\" data-id=\"9eef0cd\" data-element_type=\"column\">\n\t\t\t<div class=\"elementor-column-wrap elementor-element-populated\">\n\t\t\t\t\t\t\t<div class=\"elementor-widget-wrap\">\n\t\t\t\t\t\t<div class=\"elementor-element elementor-element-df58b85 elementor-widget elementor-widget-heading\" data-id=\"df58b85\" data-element_type=\"widget\" data-widget_type=\"heading.default\">\n\t\t\t\t<div class=\"elementor-widget-container\">\n\t\t\t<h1 class=\"elementor-heading-title elementor-size-default\">Himno<\/h1>\t\t<\/div>\n\t\t\t\t<\/div>\n\t\t\t\t<div class=\"elementor-element elementor-element-d6a2140 elementor-widget elementor-widget-text-editor\" data-id=\"d6a2140\" data-element_type=\"widget\" data-widget_type=\"text-editor.default\">\n\t\t\t\t<div class=\"elementor-widget-container\">\n\t\t\t\t\t\t\t\t<div class=\"elementor-text-editor elementor-clearfix\">\n\t\t\t\t<p class=\"has-text-align-center has-text-color\" style=\"margin-bottom: var(--global-md-spacing); color: #000000;\"><span style=\"color: #024027;\">I<\/span><br \/><span style=\"color: #024027;\">El Colegio Colombo Ingl\u00e9s<\/span><br \/><span style=\"color: #024027;\">Su ense\u00f1anza derrama por doquiera<\/span><br \/><span style=\"color: #024027;\">Y despeja por siempre el horizonte<\/span><br \/><span style=\"color: #024027;\">Del que ignora y del saber espera.<\/span><\/p><p class=\"has-text-align-center has-text-color\" style=\"margin-bottom: var(--global-md-spacing); color: #000000;\"><span style=\"color: #024027;\">CORO<\/span><br \/><span style=\"color: #024027;\">Nuestro lema amor, ciencia y virtud<\/span><br \/><span style=\"color: #024027;\">Cantaremos por siempre muy ufanos<\/span><br \/><span style=\"color: #024027;\">Al plantel que forma la ni\u00f1ez<\/span><br \/><span style=\"color: #024027;\">E ilumina las mentes con sus faros.<\/span><\/p><p class=\"has-text-align-center has-text-color\" style=\"margin-bottom: var(--global-md-spacing); color: #000000;\"><span style=\"color: #024027;\">II<\/span><br \/><span style=\"color: #024027;\">Estudiando con mucho orgullo<\/span><br \/><span style=\"color: #024027;\">Vamos llenos de amor en aprender<\/span><br \/><span style=\"color: #024027;\">Al plantel que a nosotros es orgullo<\/span><br \/><span style=\"color: #024027;\">Porque en \u00e9l aprendimos a querer.<\/span><\/p><p class=\"has-text-align-center has-text-color\" style=\"margin-bottom: var(--global-md-spacing); color: #000000;\"><span style=\"color: #024027;\">CORO<\/span><br \/><span style=\"color: #024027;\">Nuestro lema amor, ciencia y virtud<\/span><br \/><span style=\"color: #024027;\">Cantaremos por siempre muy ufanos<\/span><br \/><span style=\"color: #024027;\">Al plantel que forma la ni\u00f1ez<\/span><br \/><span style=\"color: #024027;\">E ilumina las mentes con sus faros.<\/span><\/p><p class=\"has-text-align-center has-text-color\" style=\"margin-bottom: var(--global-md-spacing); color: #000000;\"><span style=\"color: #024027;\">III<\/span><br \/><span style=\"color: #024027;\">Seguiremos cumpliendo nuestro lema<\/span><br \/><span style=\"color: #024027;\">Con firmeza, confianza y sencillez<\/span><br \/><span style=\"color: #024027;\">Honraremos por siempre los emblemas<\/span><br \/><span style=\"color: #024027;\">Y veremos los d\u00edas de la ni\u00f1ez.<\/span><\/p><p class=\"has-text-align-center has-text-color\" style=\"margin-bottom: var(--global-md-spacing); color: #000000;\"><span style=\"color: #024027;\">CORO<\/span><br \/><span style=\"color: #024027;\">Nuestro lema amor, ciencia y virtud<\/span><br \/><span style=\"color: #024027;\">Cantaremos por siempre muy ufanos<\/span><br \/><span style=\"color: #024027;\">Al plantel que forma la ni\u00f1ez<\/span><br \/><span style=\"color: #024027;\">E ilumina las mentes con sus faros.<\/span><\/p><p class=\"has-text-color\" style=\"margin-bottom: var(--global-md-spacing); color: #000000;\"><span style=\"color: #024027;\">Fue compuesto por la educadora Gladis Santiago en 1983 y estrenado el d\u00eda 31 de octubre del mismo a\u00f1o en el D\u00e9cimo aniversario del colegio.<\/span><\/p>\t\t\t\t\t<\/div>\n\t\t\t\t\t\t<\/div>\n\t\t\t\t<\/div>\n\t\t\t\t\t\t<\/div>\n\t\t\t\t\t<\/div>\n\t\t<\/div>\n\t\t\t\t\t\t\t\t<\/div>\n\t\t\t\t\t<\/div>\n\t\t<\/section>\n\t\t\t\t\t\t<\/div>\n\t\t\t\t\t<\/div>\n\t\t<\/div>\n\t\t\t\t\t\t\t\t<\/div>\n\t\t\t\t\t<\/div>\n\t\t<\/section>\n\t\t\t\t\t\t<\/div>\n\t\t\t\t\t\t<\/div>\n\t\t\t\t\t<\/div>\n\t\t","protected":false},"excerpt":{"rendered":"<p>Escudo La Antorcha de Luz Permanente: simboliza el conocimiento, la ciencia y la inteligencia. La Paloma sobre el Sol Radiante: significan los valores de paz, triunfo, justicia y solidaridad por la construcci\u00f3n de un mundo mejor, basados en la formaci\u00f3n cristiana que orienta la instituci\u00f3n. El Libro y la Plumilla: representan la sabidur\u00eda, investigaci\u00f3n y&#8230;<\/p>\n","protected":false},"author":1,"featured_media":0,"parent":0,"menu_order":0,"comment_status":"closed","ping_status":"closed","template":"","meta":{"_kad_post_transparent":"","_kad_post_title":"","_kad_post_layout":"normal","_kad_post_sidebar_id":"","_kad_post_content_style":"","_kad_post_vertical_padding":"","_kad_post_feature":"","_kad_post_feature_position":"","_kad_post_header":false,"_kad_post_footer":false,"footnotes":""},"class_list":["post-1054","page","type-page","status-publish","hentry"],"nelio_popups_active_popup":"","_links":{"self":[{"href":"https:\/\/colomboingles.edu.co\/wps\/wp-json\/wp\/v2\/pages\/1054","targetHints":{"allow":["GET"]}}],"collection":[{"href":"https:\/\/colomboingles.edu.co\/wps\/wp-json\/wp\/v2\/pages"}],"about":[{"href":"https:\/\/colomboingles.edu.co\/wps\/wp-json\/wp\/v2\/types\/page"}],"author":[{"embeddable":true,"href":"https:\/\/colomboingles.edu.co\/wps\/wp-json\/wp\/v2\/users\/1"}],"replies":[{"embeddable":true,"href":"https:\/\/colomboingles.edu.co\/wps\/wp-json\/wp\/v2\/comments?post=1054"}],"version-history":[{"count":48,"href":"https:\/\/colomboingles.edu.co\/wps\/wp-json\/wp\/v2\/pages\/1054\/revisions"}],"predecessor-version":[{"id":4942,"href":"https:\/\/colomboingles.edu.co\/wps\/wp-json\/wp\/v2\/pages\/1054\/revisions\/4942"}],"wp:attachment":[{"href":"https:\/\/colomboingles.edu.co\/wps\/wp-json\/wp\/v2\/media?parent=1054"}],"curies":[{"name":"wp","href":"https:\/\/api.w.org\/{rel}","templated":true}]}}