{"id":1044,"date":"2021-01-18T16:47:54","date_gmt":"2021-01-18T16:47:54","guid":{"rendered":"https:\/\/colomboingles.edu.co\/wps\/?page_id=1044"},"modified":"2025-05-24T16:39:54","modified_gmt":"2025-05-24T16:39:54","slug":"ciefw","status":"publish","type":"page","link":"https:\/\/colomboingles.edu.co\/wps\/ciefw\/","title":{"rendered":"CIEFW"},"content":{"rendered":"\t\t<div data-elementor-type=\"wp-page\" data-elementor-id=\"1044\" class=\"elementor elementor-1044\" data-elementor-settings=\"[]\">\n\t\t\t\t\t\t<div class=\"elementor-inner\">\n\t\t\t\t\t\t\t<div class=\"elementor-section-wrap\">\n\t\t\t\t\t\t\t<section class=\"elementor-section elementor-top-section elementor-element elementor-element-3af0f95 elementor-section-boxed elementor-section-height-default elementor-section-height-default\" data-id=\"3af0f95\" data-element_type=\"section\">\n\t\t\t\t\t\t<div class=\"elementor-container elementor-column-gap-default\">\n\t\t\t\t\t\t\t<div class=\"elementor-row\">\n\t\t\t\t\t<div class=\"elementor-column elementor-col-100 elementor-top-column elementor-element elementor-element-4d2fa94\" data-id=\"4d2fa94\" data-element_type=\"column\">\n\t\t\t<div class=\"elementor-column-wrap elementor-element-populated\">\n\t\t\t\t\t\t\t<div class=\"elementor-widget-wrap\">\n\t\t\t\t\t\t<div class=\"elementor-element elementor-element-680a730 elementor-widget elementor-widget-spacer\" data-id=\"680a730\" data-element_type=\"widget\" data-widget_type=\"spacer.default\">\n\t\t\t\t<div class=\"elementor-widget-container\">\n\t\t\t\t\t<div class=\"elementor-spacer\">\n\t\t\t<div class=\"elementor-spacer-inner\"><\/div>\n\t\t<\/div>\n\t\t\t\t<\/div>\n\t\t\t\t<\/div>\n\t\t\t\t<div class=\"elementor-element elementor-element-3245a48 elementor-widget elementor-widget-heading\" data-id=\"3245a48\" data-element_type=\"widget\" data-widget_type=\"heading.default\">\n\t\t\t\t<div class=\"elementor-widget-container\">\n\t\t\t<h1 class=\"elementor-heading-title elementor-size-default\">CIEFW<\/h1>\t\t<\/div>\n\t\t\t\t<\/div>\n\t\t\t\t\t\t<\/div>\n\t\t\t\t\t<\/div>\n\t\t<\/div>\n\t\t\t\t\t\t\t\t<\/div>\n\t\t\t\t\t<\/div>\n\t\t<\/section>\n\t\t\t\t<section class=\"elementor-section elementor-top-section elementor-element elementor-element-6260233 elementor-section-boxed elementor-section-height-default elementor-section-height-default\" data-id=\"6260233\" data-element_type=\"section\">\n\t\t\t\t\t\t<div class=\"elementor-container elementor-column-gap-default\">\n\t\t\t\t\t\t\t<div class=\"elementor-row\">\n\t\t\t\t\t<div class=\"elementor-column elementor-col-25 elementor-top-column elementor-element elementor-element-0e18a84\" data-id=\"0e18a84\" data-element_type=\"column\">\n\t\t\t<div class=\"elementor-column-wrap elementor-element-populated\">\n\t\t\t\t\t\t\t<div class=\"elementor-widget-wrap\">\n\t\t\t\t\t\t<div class=\"elementor-element elementor-element-7f38342 elementor-align-center elementor-widget elementor-widget-button\" data-id=\"7f38342\" data-element_type=\"widget\" data-widget_type=\"button.default\">\n\t\t\t\t<div class=\"elementor-widget-container\">\n\t\t\t\t\t<div class=\"elementor-button-wrapper\">\n\t\t\t<a href=\"https:\/\/colomboingles.edu.co\/wps\/eiccie\/\" class=\"elementor-button-link elementor-button elementor-size-sm\" role=\"button\">\n\t\t\t\t\t\t<span class=\"elementor-button-content-wrapper\">\n\t\t\t\t\t\t<span class=\"elementor-button-text\">EICCIE<\/span>\n\t\t<\/span>\n\t\t\t\t\t<\/a>\n\t\t<\/div>\n\t\t\t\t<\/div>\n\t\t\t\t<\/div>\n\t\t\t\t\t\t<\/div>\n\t\t\t\t\t<\/div>\n\t\t<\/div>\n\t\t\t\t<div class=\"elementor-column elementor-col-25 elementor-top-column elementor-element elementor-element-d20f84a\" data-id=\"d20f84a\" data-element_type=\"column\">\n\t\t\t<div class=\"elementor-column-wrap elementor-element-populated\">\n\t\t\t\t\t\t\t<div class=\"elementor-widget-wrap\">\n\t\t\t\t\t\t<div class=\"elementor-element elementor-element-7d524a9 elementor-align-center elementor-widget elementor-widget-button\" data-id=\"7d524a9\" data-element_type=\"widget\" data-widget_type=\"button.default\">\n\t\t\t\t<div class=\"elementor-widget-container\">\n\t\t\t\t\t<div class=\"elementor-button-wrapper\">\n\t\t\t<a href=\"https:\/\/colomboingles.edu.co\/wps\/memorias\/\" class=\"elementor-button-link elementor-button elementor-size-sm\" role=\"button\">\n\t\t\t\t\t\t<span class=\"elementor-button-content-wrapper\">\n\t\t\t\t\t\t<span class=\"elementor-button-text\">MEMORIAS<\/span>\n\t\t<\/span>\n\t\t\t\t\t<\/a>\n\t\t<\/div>\n\t\t\t\t<\/div>\n\t\t\t\t<\/div>\n\t\t\t\t\t\t<\/div>\n\t\t\t\t\t<\/div>\n\t\t<\/div>\n\t\t\t\t<div class=\"elementor-column elementor-col-25 elementor-top-column elementor-element elementor-element-b9c2f32\" data-id=\"b9c2f32\" data-element_type=\"column\">\n\t\t\t<div class=\"elementor-column-wrap elementor-element-populated\">\n\t\t\t\t\t\t\t<div class=\"elementor-widget-wrap\">\n\t\t\t\t\t\t<div class=\"elementor-element elementor-element-728d513 elementor-align-center elementor-widget elementor-widget-button\" data-id=\"728d513\" data-element_type=\"widget\" data-widget_type=\"button.default\">\n\t\t\t\t<div class=\"elementor-widget-container\">\n\t\t\t\t\t<div class=\"elementor-button-wrapper\">\n\t\t\t<a href=\"https:\/\/colomboingles.edu.co\/wps\/alianzas\/\" class=\"elementor-button-link elementor-button elementor-size-sm\" role=\"button\">\n\t\t\t\t\t\t<span class=\"elementor-button-content-wrapper\">\n\t\t\t\t\t\t<span class=\"elementor-button-text\">ALIANZAS<\/span>\n\t\t<\/span>\n\t\t\t\t\t<\/a>\n\t\t<\/div>\n\t\t\t\t<\/div>\n\t\t\t\t<\/div>\n\t\t\t\t\t\t<\/div>\n\t\t\t\t\t<\/div>\n\t\t<\/div>\n\t\t\t\t<div class=\"elementor-column elementor-col-25 elementor-top-column elementor-element elementor-element-4f04579\" data-id=\"4f04579\" data-element_type=\"column\">\n\t\t\t<div class=\"elementor-column-wrap elementor-element-populated\">\n\t\t\t\t\t\t\t<div class=\"elementor-widget-wrap\">\n\t\t\t\t\t\t<div class=\"elementor-element elementor-element-441ae9c elementor-align-center elementor-widget elementor-widget-button\" data-id=\"441ae9c\" data-element_type=\"widget\" data-widget_type=\"button.default\">\n\t\t\t\t<div class=\"elementor-widget-container\">\n\t\t\t\t\t<div class=\"elementor-button-wrapper\">\n\t\t\t<a href=\"#\" class=\"elementor-button-link elementor-button elementor-size-sm\" role=\"button\">\n\t\t\t\t\t\t<span class=\"elementor-button-content-wrapper\">\n\t\t\t\t\t\t<span class=\"elementor-button-text\">GALER\u00cdA<\/span>\n\t\t<\/span>\n\t\t\t\t\t<\/a>\n\t\t<\/div>\n\t\t\t\t<\/div>\n\t\t\t\t<\/div>\n\t\t\t\t\t\t<\/div>\n\t\t\t\t\t<\/div>\n\t\t<\/div>\n\t\t\t\t\t\t\t\t<\/div>\n\t\t\t\t\t<\/div>\n\t\t<\/section>\n\t\t\t\t<section class=\"elementor-section elementor-top-section elementor-element elementor-element-2016a3a elementor-section-boxed elementor-section-height-default elementor-section-height-default\" data-id=\"2016a3a\" data-element_type=\"section\">\n\t\t\t\t\t\t<div class=\"elementor-container elementor-column-gap-default\">\n\t\t\t\t\t\t\t<div class=\"elementor-row\">\n\t\t\t\t\t<div class=\"elementor-column elementor-col-100 elementor-top-column elementor-element elementor-element-847b59f\" data-id=\"847b59f\" data-element_type=\"column\">\n\t\t\t<div class=\"elementor-column-wrap elementor-element-populated\">\n\t\t\t\t\t\t\t<div class=\"elementor-widget-wrap\">\n\t\t\t\t\t\t<div class=\"elementor-element elementor-element-2d29b91 elementor-widget elementor-widget-image\" data-id=\"2d29b91\" data-element_type=\"widget\" data-widget_type=\"image.default\">\n\t\t\t\t<div class=\"elementor-widget-container\">\n\t\t\t\t\t\t\t\t<div class=\"elementor-image\">\n\t\t\t\t\t\t\t\t\t\t\t\t<img loading=\"lazy\" decoding=\"async\" width=\"768\" height=\"503\" src=\"https:\/\/colomboingles.edu.co\/wps\/wp-content\/uploads\/2024\/11\/Logo-CIEFW-CREADO_page-0001-768x503.jpg\" class=\"attachment-medium_large size-medium_large\" alt=\"\" srcset=\"https:\/\/colomboingles.edu.co\/wps\/wp-content\/uploads\/2024\/11\/Logo-CIEFW-CREADO_page-0001-768x503.jpg 768w, https:\/\/colomboingles.edu.co\/wps\/wp-content\/uploads\/2024\/11\/Logo-CIEFW-CREADO_page-0001-300x196.jpg 300w, https:\/\/colomboingles.edu.co\/wps\/wp-content\/uploads\/2024\/11\/Logo-CIEFW-CREADO_page-0001-1024x670.jpg 1024w, https:\/\/colomboingles.edu.co\/wps\/wp-content\/uploads\/2024\/11\/Logo-CIEFW-CREADO_page-0001-1536x1006.jpg 1536w, https:\/\/colomboingles.edu.co\/wps\/wp-content\/uploads\/2024\/11\/Logo-CIEFW-CREADO_page-0001-600x393.jpg 600w, https:\/\/colomboingles.edu.co\/wps\/wp-content\/uploads\/2024\/11\/Logo-CIEFW-CREADO_page-0001.jpg 1935w\" sizes=\"auto, (max-width: 768px) 100vw, 768px\" \/>\t\t\t\t\t\t\t\t\t\t\t\t\t\t<\/div>\n\t\t\t\t\t\t<\/div>\n\t\t\t\t<\/div>\n\t\t\t\t<div class=\"elementor-element elementor-element-fe1a50f elementor-widget elementor-widget-text-editor\" data-id=\"fe1a50f\" data-element_type=\"widget\" data-widget_type=\"text-editor.default\">\n\t\t\t\t<div class=\"elementor-widget-container\">\n\t\t\t\t\t\t\t\t<div class=\"elementor-text-editor elementor-clearfix\">\n\t\t\t\t<p><span style=\"color: #024027;\">Bienvenidos al Centro de Investigaci\u00f3n y Emprendimiento Francisco Watson (CIEFW) del Colegio Colombo Ingl\u00e9s de Valledupar. Fundado en el a\u00f1o 2012, nuestro centro se dedica a fomentar la investigaci\u00f3n, la innovaci\u00f3n y el esp\u00edritu emprendedor entre nuestros estudiantes. Creemos firmemente que la educaci\u00f3n no solo debe impartir conocimientos, sino tambi\u00e9n inspirar la creaci\u00f3n de nuevas ideas y soluciones que impacten positivamente a la sociedad.<\/span><\/p><p><span style=\"color: #024027; background-color: transparent;\">Desde nuestros inicios, hemos tenido el honor de participar en ferias regionales, nacionales e internacionales, donde nuestros estudiantes han demostrado su creatividad y habilidades investigativas, obteniendo reconocimientos y experiencias valiosas. Estas oportunidades no solo resaltan el talento y la dedicaci\u00f3n de nuestros estudiantes, sino que tambi\u00e9n refuerzan nuestro compromiso con la excelencia acad\u00e9mica y el desarrollo integral.<\/span><\/p><p><span style=\"color: #024027;\">Cada a\u00f1o, en el mes de octubre, organizamos el Encuentro Internacional Colombista de Ciencia, Innovaci\u00f3n y Emprendimiento. Este evento se ha convertido en un espacio de intercambio y aprendizaje donde convergen mentes brillantes de diferentes partes del mundo para compartir sus proyectos y conocimientos. El Encuentro Internacional Colombista no solo enriquece la comunidad educativa de nuestro colegio, sino que tambi\u00e9n fortalece los lazos con instituciones y expertos globales.<\/span><\/p><p><span style=\"color: #024027;\">El Centro de Investigaci\u00f3n y Emprendimiento Francisco Watson sigue comprometido con la formaci\u00f3n de l\u00edderes y emprendedores que transformen el futuro con sus ideas y proyectos innovadores. Los invitamos a todos a ser parte de esta apasionante aventura de descubrimiento y creaci\u00f3n.<\/span><\/p>\t\t\t\t\t<\/div>\n\t\t\t\t\t\t<\/div>\n\t\t\t\t<\/div>\n\t\t\t\t\t\t<\/div>\n\t\t\t\t\t<\/div>\n\t\t<\/div>\n\t\t\t\t\t\t\t\t<\/div>\n\t\t\t\t\t<\/div>\n\t\t<\/section>\n\t\t\t\t\t\t<\/div>\n\t\t\t\t\t\t<\/div>\n\t\t\t\t\t<\/div>\n\t\t","protected":false},"excerpt":{"rendered":"<p>CIEFW EICCIE MEMORIAS ALIANZAS GALER\u00cdA Bienvenidos al Centro de Investigaci\u00f3n y Emprendimiento Francisco Watson (CIEFW) del Colegio Colombo Ingl\u00e9s de Valledupar. Fundado en el a\u00f1o 2012, nuestro centro se dedica a fomentar la investigaci\u00f3n, la innovaci\u00f3n y el esp\u00edritu emprendedor entre nuestros estudiantes. Creemos firmemente que la educaci\u00f3n no solo debe impartir conocimientos, sino tambi\u00e9n&#8230;<\/p>\n","protected":false},"author":1,"featured_media":0,"parent":0,"menu_order":0,"comment_status":"closed","ping_status":"closed","template":"","meta":{"_kad_post_transparent":"","_kad_post_title":"hide","_kad_post_layout":"fullwidth","_kad_post_sidebar_id":"","_kad_post_content_style":"unboxed","_kad_post_vertical_padding":"hide","_kad_post_feature":"hide","_kad_post_feature_position":"","_kad_post_header":false,"_kad_post_footer":false,"footnotes":""},"class_list":["post-1044","page","type-page","status-publish","hentry"],"nelio_popups_active_popup":"","_links":{"self":[{"href":"https:\/\/colomboingles.edu.co\/wps\/wp-json\/wp\/v2\/pages\/1044","targetHints":{"allow":["GET"]}}],"collection":[{"href":"https:\/\/colomboingles.edu.co\/wps\/wp-json\/wp\/v2\/pages"}],"about":[{"href":"https:\/\/colomboingles.edu.co\/wps\/wp-json\/wp\/v2\/types\/page"}],"author":[{"embeddable":true,"href":"https:\/\/colomboingles.edu.co\/wps\/wp-json\/wp\/v2\/users\/1"}],"replies":[{"embeddable":true,"href":"https:\/\/colomboingles.edu.co\/wps\/wp-json\/wp\/v2\/comments?post=1044"}],"version-history":[{"count":29,"href":"https:\/\/colomboingles.edu.co\/wps\/wp-json\/wp\/v2\/pages\/1044\/revisions"}],"predecessor-version":[{"id":4377,"href":"https:\/\/colomboingles.edu.co\/wps\/wp-json\/wp\/v2\/pages\/1044\/revisions\/4377"}],"wp:attachment":[{"href":"https:\/\/colomboingles.edu.co\/wps\/wp-json\/wp\/v2\/media?parent=1044"}],"curies":[{"name":"wp","href":"https:\/\/api.w.org\/{rel}","templated":true}]}}